{"id":48599,"date":"2022-03-25T09:51:31","date_gmt":"2022-03-25T15:51:31","guid":{"rendered":"http:\/\/34.70.206.201\/cejume\/wp\/?page_id=48599"},"modified":"2022-04-19T17:39:04","modified_gmt":"2022-04-19T22:39:04","slug":"actividades-relevantes","status":"publish","type":"page","link":"https:\/\/cejume.mx\/index.php\/cejume\/actividades-relevantes\/","title":{"rendered":"REPORTE DE AVANCE"},"content":{"rendered":"\t\t<div data-elementor-type=\"wp-post\" data-elementor-id=\"48599\" class=\"elementor elementor-48599\" data-elementor-post-type=\"page\">\n\t\t\t\t\t\t<div class=\"elementor-inner\">\n\t\t\t\t<div class=\"elementor-section-wrap\">\n\t\t\t\t\t\t\t\t\t<section class=\"elementor-section elementor-top-section elementor-element elementor-element-fce24a5 elementor-section-boxed elementor-section-height-default elementor-section-height-default neuron-fixed-no\" data-id=\"fce24a5\" data-element_type=\"section\" data-settings=\"{&quot;background_background&quot;:&quot;classic&quot;}\">\n\t\t\t\t\t\t\t<div class=\"elementor-background-overlay\"><\/div>\n\t\t\t\t\t\t\t<div class=\"elementor-container elementor-column-gap-default\">\n\t\t\t\t\t\t\t<div class=\"elementor-row\">\n\t\t\t\t\t<div class=\"elementor-column elementor-col-100 elementor-top-column elementor-element elementor-element-4a85804\" data-id=\"4a85804\" data-element_type=\"column\">\n\t\t\t<div class=\"elementor-column-wrap elementor-element-populated\">\n\t\t\t\t\t\t\t<div class=\"elementor-widget-wrap\">\n\t\t\t\t\t\t<div class=\"elementor-element elementor-element-6933ddb elementor-widget elementor-widget-spacer\" data-id=\"6933ddb\" data-element_type=\"widget\" data-widget_type=\"spacer.default\">\n\t\t\t\t<div class=\"elementor-widget-container\">\n\t\t\t\t\t<div class=\"elementor-spacer\">\n\t\t\t<div class=\"elementor-spacer-inner\"><\/div>\n\t\t<\/div>\n\t\t\t\t<\/div>\n\t\t\t\t<\/div>\n\t\t\t\t<section class=\"elementor-section elementor-inner-section elementor-element elementor-element-0f74605 elementor-section-boxed elementor-section-height-default elementor-section-height-default neuron-fixed-no\" data-id=\"0f74605\" data-element_type=\"section\">\n\t\t\t\t\t\t<div class=\"elementor-container elementor-column-gap-default\">\n\t\t\t\t\t\t\t<div class=\"elementor-row\">\n\t\t\t\t\t<div class=\"elementor-column elementor-col-50 elementor-inner-column elementor-element elementor-element-97afd3e\" data-id=\"97afd3e\" data-element_type=\"column\">\n\t\t\t<div class=\"elementor-column-wrap\">\n\t\t\t\t\t\t\t<div class=\"elementor-widget-wrap\">\n\t\t\t\t\t\t\t\t<\/div>\n\t\t\t\t\t<\/div>\n\t\t<\/div>\n\t\t\t\t<div class=\"elementor-column elementor-col-50 elementor-inner-column elementor-element elementor-element-6dbb571\" data-id=\"6dbb571\" data-element_type=\"column\">\n\t\t\t<div class=\"elementor-column-wrap elementor-element-populated\">\n\t\t\t\t\t\t\t<div class=\"elementor-widget-wrap\">\n\t\t\t\t\t\t<div class=\"elementor-element elementor-element-a608f53 elementor-widget elementor-widget-heading\" data-id=\"a608f53\" data-element_type=\"widget\" data-widget_type=\"heading.default\">\n\t\t\t\t<div class=\"elementor-widget-container\">\n\t\t\t<h1 class=\"elementor-heading-title elementor-size-default\">Actividades\nrelevantes<\/h1>\t\t<\/div>\n\t\t\t\t<\/div>\n\t\t\t\t<div class=\"elementor-element elementor-element-249afdd elementor-widget elementor-widget-heading\" data-id=\"249afdd\" data-element_type=\"widget\" data-widget_type=\"heading.default\">\n\t\t\t\t<div class=\"elementor-widget-container\">\n\t\t\t<h1 class=\"elementor-heading-title elementor-size-default\">En este espacio encontrar\u00e1s las \u00faltimas noticias acerca de la implementaci\u00f3n del proceso de certificaci\u00f3n en las entidades.<\/h1>\t\t<\/div>\n\t\t\t\t<\/div>\n\t\t\t\t<div class=\"elementor-element elementor-element-ec6e2b2 elementor-widget elementor-widget-spacer\" data-id=\"ec6e2b2\" data-element_type=\"widget\" data-widget_type=\"spacer.default\">\n\t\t\t\t<div class=\"elementor-widget-container\">\n\t\t\t\t\t<div class=\"elementor-spacer\">\n\t\t\t<div class=\"elementor-spacer-inner\"><\/div>\n\t\t<\/div>\n\t\t\t\t<\/div>\n\t\t\t\t<\/div>\n\t\t\t\t\t\t<\/div>\n\t\t\t\t\t<\/div>\n\t\t<\/div>\n\t\t\t\t\t\t\t\t<\/div>\n\t\t\t\t\t<\/div>\n\t\t<\/section>\n\t\t\t\t<div class=\"elementor-element elementor-element-0b66910 elementor-widget elementor-widget-spacer\" data-id=\"0b66910\" data-element_type=\"widget\" data-widget_type=\"spacer.default\">\n\t\t\t\t<div class=\"elementor-widget-container\">\n\t\t\t\t\t<div class=\"elementor-spacer\">\n\t\t\t<div class=\"elementor-spacer-inner\"><\/div>\n\t\t<\/div>\n\t\t\t\t<\/div>\n\t\t\t\t<\/div>\n\t\t\t\t\t\t<\/div>\n\t\t\t\t\t<\/div>\n\t\t<\/div>\n\t\t\t\t\t\t\t\t<\/div>\n\t\t\t\t\t<\/div>\n\t\t<\/section>\n\t\t\t\t<section class=\"elementor-section elementor-top-section elementor-element elementor-element-a4348ff elementor-section-boxed elementor-section-height-default elementor-section-height-default neuron-fixed-no\" data-id=\"a4348ff\" data-element_type=\"section\">\n\t\t\t\t\t\t<div class=\"elementor-container elementor-column-gap-default\">\n\t\t\t\t\t\t\t<div class=\"elementor-row\">\n\t\t\t\t\t<div class=\"elementor-column elementor-col-50 elementor-top-column elementor-element elementor-element-98e7519\" data-id=\"98e7519\" data-element_type=\"column\">\n\t\t\t<div class=\"elementor-column-wrap elementor-element-populated\">\n\t\t\t\t\t\t\t<div class=\"elementor-widget-wrap\">\n\t\t\t\t\t\t<div class=\"elementor-element elementor-element-9d282b3 elementor-grid-1 elementor-grid-tablet-2 elementor-grid-mobile-1 elementor-posts--thumbnail-top elementor-widget elementor-widget-posts\" data-id=\"9d282b3\" data-element_type=\"widget\" data-settings=\"{&quot;classic_columns&quot;:&quot;1&quot;,&quot;classic_columns_tablet&quot;:&quot;2&quot;,&quot;classic_columns_mobile&quot;:&quot;1&quot;,&quot;classic_row_gap&quot;:{&quot;unit&quot;:&quot;px&quot;,&quot;size&quot;:35,&quot;sizes&quot;:[]},&quot;classic_row_gap_tablet&quot;:{&quot;unit&quot;:&quot;px&quot;,&quot;size&quot;:&quot;&quot;,&quot;sizes&quot;:[]},&quot;classic_row_gap_mobile&quot;:{&quot;unit&quot;:&quot;px&quot;,&quot;size&quot;:&quot;&quot;,&quot;sizes&quot;:[]}}\" data-widget_type=\"posts.classic\">\n\t\t\t\t<div class=\"elementor-widget-container\">\n\t\t\t\t\t<div class=\"elementor-posts-container elementor-posts elementor-posts--skin-classic elementor-grid\">\n\t\t\t\t<article class=\"elementor-post elementor-grid-item post-47314 post type-post status-publish format-standard has-post-thumbnail hentry category-profesionalizacion\">\n\t\t\t\t<a class=\"elementor-post__thumbnail__link\" href=\"https:\/\/cejume.mx\/index.php\/2021\/11\/19\/segunda-generacion-de-agentes-del-ministerio-publico-certificados-en-sonora\/\" >\n\t\t\t<div class=\"elementor-post__thumbnail\"><img decoding=\"async\" width=\"1600\" height=\"900\" src=\"https:\/\/cejume.mx\/wp\/wp-content\/uploads\/2021\/11\/WhatsApp-Image-2021-11-17-at-1.05.32-PM.jpeg\" class=\"attachment-full size-full wp-image-47315\" alt=\"\" srcset=\"https:\/\/cejume.mx\/wp\/wp-content\/uploads\/2021\/11\/WhatsApp-Image-2021-11-17-at-1.05.32-PM.jpeg 1600w, https:\/\/cejume.mx\/wp\/wp-content\/uploads\/2021\/11\/WhatsApp-Image-2021-11-17-at-1.05.32-PM-300x169.jpeg 300w, https:\/\/cejume.mx\/wp\/wp-content\/uploads\/2021\/11\/WhatsApp-Image-2021-11-17-at-1.05.32-PM-1024x576.jpeg 1024w, https:\/\/cejume.mx\/wp\/wp-content\/uploads\/2021\/11\/WhatsApp-Image-2021-11-17-at-1.05.32-PM-768x432.jpeg 768w, https:\/\/cejume.mx\/wp\/wp-content\/uploads\/2021\/11\/WhatsApp-Image-2021-11-17-at-1.05.32-PM-1536x864.jpeg 1536w, https:\/\/cejume.mx\/wp\/wp-content\/uploads\/2021\/11\/WhatsApp-Image-2021-11-17-at-1.05.32-PM-600x338.jpeg 600w\" sizes=\"(max-width: 1600px) 100vw, 1600px\" \/><\/div>\n\t\t<\/a>\n\t\t\t\t<div class=\"elementor-post__text\">\n\t\t\t\t<h2 class=\"elementor-post__title\">\n\t\t\t<a href=\"https:\/\/cejume.mx\/index.php\/2021\/11\/19\/segunda-generacion-de-agentes-del-ministerio-publico-certificados-en-sonora\/\" >\n\t\t\t\t2da generaci\u00f3n de AMPs certificados en Sonora\t\t\t<\/a>\n\t\t<\/h2>\n\t\t\t\t<div class=\"elementor-post__meta-data\">\n\t\t\t\t\t<span class=\"elementor-post-date\">\n\t\t\t19 | 11 | 21\t\t<\/span>\n\t\t\t\t<\/div>\n\t\t\t\t<div class=\"elementor-post__excerpt\">\n\t\t\t<p>Entrega de reconocimientos a la segunda generaci\u00f3n de agentes del Ministerio P\u00fablico certificados en Sonora<\/p>\n\t\t<\/div>\n\t\t\t\t<\/div>\n\t\t\t\t<\/article>\n\t\t\t\t<\/div>\n\t\t\n\t\t\t\t<\/div>\n\t\t\t\t<\/div>\n\t\t\t\t\t\t<\/div>\n\t\t\t\t\t<\/div>\n\t\t<\/div>\n\t\t\t\t<div class=\"elementor-column elementor-col-50 elementor-top-column elementor-element elementor-element-4652853\" data-id=\"4652853\" data-element_type=\"column\">\n\t\t\t<div class=\"elementor-column-wrap elementor-element-populated\">\n\t\t\t\t\t\t\t<div class=\"elementor-widget-wrap\">\n\t\t\t\t\t\t<div class=\"elementor-element elementor-element-e7b97b2 elementor-grid-1 elementor-posts--thumbnail-left elementor-posts--align-left elementor-grid-tablet-2 elementor-grid-mobile-1 load-more-align-center elementor-widget elementor-widget-posts\" data-id=\"e7b97b2\" data-element_type=\"widget\" data-settings=\"{&quot;classic_columns&quot;:&quot;1&quot;,&quot;classic_row_gap&quot;:{&quot;unit&quot;:&quot;px&quot;,&quot;size&quot;:53,&quot;sizes&quot;:[]},&quot;pagination_type&quot;:&quot;load_more_on_click&quot;,&quot;classic_columns_tablet&quot;:&quot;2&quot;,&quot;classic_columns_mobile&quot;:&quot;1&quot;,&quot;classic_row_gap_tablet&quot;:{&quot;unit&quot;:&quot;px&quot;,&quot;size&quot;:&quot;&quot;,&quot;sizes&quot;:[]},&quot;classic_row_gap_mobile&quot;:{&quot;unit&quot;:&quot;px&quot;,&quot;size&quot;:&quot;&quot;,&quot;sizes&quot;:[]},&quot;load_more_spinner&quot;:{&quot;value&quot;:&quot;fas fa-spinner&quot;,&quot;library&quot;:&quot;fa-solid&quot;}}\" data-widget_type=\"posts.classic\">\n\t\t\t\t<div class=\"elementor-widget-container\">\n\t\t\t\t\t<div class=\"elementor-posts-container elementor-posts elementor-posts--skin-classic elementor-grid\">\n\t\t\t\t<article class=\"elementor-post elementor-grid-item post-33259 post type-post status-publish format-standard has-post-thumbnail hentry category-profesionalizacion category-est category-fis category-02_instituciones category-slp\">\n\t\t\t\t<a class=\"elementor-post__thumbnail__link\" href=\"https:\/\/cejume.mx\/index.php\/2021\/07\/01\/entrega-de-certificaciones-a-agentes-del-ministerio-publico-en-la-fiscalia-general-del-estado-de-san-luis-potosi\/\" >\n\t\t\t<div class=\"elementor-post__thumbnail\"><img decoding=\"async\" width=\"1024\" height=\"576\" src=\"https:\/\/cejume.mx\/wp\/wp-content\/uploads\/2021\/07\/WhatsApp-Image-2021-06-30-at-6.37.09-PM.jpeg\" class=\"attachment-full size-full wp-image-33263\" alt=\"\" srcset=\"https:\/\/cejume.mx\/wp\/wp-content\/uploads\/2021\/07\/WhatsApp-Image-2021-06-30-at-6.37.09-PM.jpeg 1024w, https:\/\/cejume.mx\/wp\/wp-content\/uploads\/2021\/07\/WhatsApp-Image-2021-06-30-at-6.37.09-PM-300x169.jpeg 300w, https:\/\/cejume.mx\/wp\/wp-content\/uploads\/2021\/07\/WhatsApp-Image-2021-06-30-at-6.37.09-PM-768x432.jpeg 768w, https:\/\/cejume.mx\/wp\/wp-content\/uploads\/2021\/07\/WhatsApp-Image-2021-06-30-at-6.37.09-PM-600x338.jpeg 600w\" sizes=\"(max-width: 1024px) 100vw, 1024px\" \/><\/div>\n\t\t<\/a>\n\t\t\t\t<div class=\"elementor-post__text\">\n\t\t\t\t<h3 class=\"elementor-post__title\">\n\t\t\t<a href=\"https:\/\/cejume.mx\/index.php\/2021\/07\/01\/entrega-de-certificaciones-a-agentes-del-ministerio-publico-en-la-fiscalia-general-del-estado-de-san-luis-potosi\/\" >\n\t\t\t\tAMPs de San Luis Potos\u00ed reciben certificaci\u00f3n\u200b\t\t\t<\/a>\n\t\t<\/h3>\n\t\t\t\t<div class=\"elementor-post__meta-data\">\n\t\t\t\t\t<span class=\"elementor-post-date\">\n\t\t\t01 | 07 | 21\t\t<\/span>\n\t\t\t\t<\/div>\n\t\t\t\t<div class=\"elementor-post__excerpt\">\n\t\t\t<p>Entrega de reconocimientos a la primera generaci\u00f3n de de agentes del Ministerio P\u00fablico certificados en Nuevo Le\u00f3n<\/p>\n\t\t<\/div>\n\t\t\t\t<\/div>\n\t\t\t\t<\/article>\n\t\t\t\t<article class=\"elementor-post elementor-grid-item post-31964 post type-post status-publish format-standard has-post-thumbnail hentry category-profesionalizacion category-est category-fis category-02_instituciones category-son\">\n\t\t\t\t<a class=\"elementor-post__thumbnail__link\" href=\"https:\/\/cejume.mx\/index.php\/2021\/06\/02\/primera-generacion-amp-certificados-sonora\/\" >\n\t\t\t<div class=\"elementor-post__thumbnail\"><img decoding=\"async\" width=\"1024\" height=\"498\" src=\"https:\/\/cejume.mx\/wp\/wp-content\/uploads\/2021\/06\/139550356.jpeg\" class=\"attachment-full size-full wp-image-31970\" alt=\"\" srcset=\"https:\/\/cejume.mx\/wp\/wp-content\/uploads\/2021\/06\/139550356.jpeg 1024w, https:\/\/cejume.mx\/wp\/wp-content\/uploads\/2021\/06\/139550356-300x146.jpeg 300w, https:\/\/cejume.mx\/wp\/wp-content\/uploads\/2021\/06\/139550356-768x374.jpeg 768w, https:\/\/cejume.mx\/wp\/wp-content\/uploads\/2021\/06\/139550356-600x292.jpeg 600w\" sizes=\"(max-width: 1024px) 100vw, 1024px\" \/><\/div>\n\t\t<\/a>\n\t\t\t\t<div class=\"elementor-post__text\">\n\t\t\t\t<h3 class=\"elementor-post__title\">\n\t\t\t<a href=\"https:\/\/cejume.mx\/index.php\/2021\/06\/02\/primera-generacion-amp-certificados-sonora\/\" >\n\t\t\t\tEntrega de reconocimientos a la primera generaci\u00f3n de de AMPs certificados en Sonora\t\t\t<\/a>\n\t\t<\/h3>\n\t\t\t\t<div class=\"elementor-post__meta-data\">\n\t\t\t\t\t<span class=\"elementor-post-date\">\n\t\t\t02 | 06 | 21\t\t<\/span>\n\t\t\t\t<\/div>\n\t\t\t\t<div class=\"elementor-post__excerpt\">\n\t\t\t<p>FGJE Sonora concluye proceso de certificaci\u00f3n para Agentes del Ministerio P\u00fablico, primera Fiscal\u00eda a nivel nacional<\/p>\n\t\t<\/div>\n\t\t\t\t<\/div>\n\t\t\t\t<\/article>\n\t\t\t\t<article class=\"elementor-post elementor-grid-item post-32106 post type-post status-publish format-standard has-post-thumbnail hentry category-profesionalizacion category-est category-fis category-02_instituciones category-oax\">\n\t\t\t\t<a class=\"elementor-post__thumbnail__link\" href=\"https:\/\/cejume.mx\/index.php\/2021\/04\/16\/entrega-certificacion-amp-oaxaca\/\" >\n\t\t\t<div class=\"elementor-post__thumbnail\"><img decoding=\"async\" width=\"1280\" height=\"732\" src=\"https:\/\/cejume.mx\/wp\/wp-content\/uploads\/2021\/06\/159630622_2823484447966214_3370710811282977568_n.jpeg\" class=\"attachment-full size-full wp-image-32368\" alt=\"\" srcset=\"https:\/\/cejume.mx\/wp\/wp-content\/uploads\/2021\/06\/159630622_2823484447966214_3370710811282977568_n.jpeg 1280w, https:\/\/cejume.mx\/wp\/wp-content\/uploads\/2021\/06\/159630622_2823484447966214_3370710811282977568_n-300x172.jpeg 300w, https:\/\/cejume.mx\/wp\/wp-content\/uploads\/2021\/06\/159630622_2823484447966214_3370710811282977568_n-1024x586.jpeg 1024w, https:\/\/cejume.mx\/wp\/wp-content\/uploads\/2021\/06\/159630622_2823484447966214_3370710811282977568_n-768x439.jpeg 768w, https:\/\/cejume.mx\/wp\/wp-content\/uploads\/2021\/06\/159630622_2823484447966214_3370710811282977568_n-600x343.jpeg 600w\" sizes=\"(max-width: 1280px) 100vw, 1280px\" \/><\/div>\n\t\t<\/a>\n\t\t\t\t<div class=\"elementor-post__text\">\n\t\t\t\t<h3 class=\"elementor-post__title\">\n\t\t\t<a href=\"https:\/\/cejume.mx\/index.php\/2021\/04\/16\/entrega-certificacion-amp-oaxaca\/\" >\n\t\t\t\tEntrega de reconocimientos para AMP certificados en Oaxaca\t\t\t<\/a>\n\t\t<\/h3>\n\t\t\t\t<div class=\"elementor-post__meta-data\">\n\t\t\t\t\t<span class=\"elementor-post-date\">\n\t\t\t16 | 04 | 21\t\t<\/span>\n\t\t\t\t<\/div>\n\t\t\t\t<div class=\"elementor-post__excerpt\">\n\t\t\t<p>La Fiscal\u00eda General del Estado de Oaxaca concluye proceso de certificaci\u00f3n para Agentes del Ministerio P\u00fablico.<\/p>\n\t\t<\/div>\n\t\t\t\t<\/div>\n\t\t\t\t<\/article>\n\t\t\t\t<\/div>\n\t\t\t\t\t<span class=\"e-load-more-spinner\">\n\t\t\t\t<i aria-hidden=\"true\" class=\"fas fa-spinner\"><\/i>\t\t\t<\/span>\n\t\t\n\t\t\t\t<div class=\"e-load-more-anchor\" data-page=\"1\" data-max-page=\"3\" data-next-page=\"https:\/\/cejume.mx\/index.php\/wp-json\/wp\/v2\/pages\/48599\/page\/2\/\"><\/div>\n\t\t\t\t<div class=\"elementor-button-wrapper\">\n\t\t\t<a href=\"#\" class=\"elementor-button-link elementor-button\" role=\"button\">\n\t\t\t\t\t\t<span class=\"elementor-button-content-wrapper\">\n\t\t\t\t\t\t<span class=\"elementor-button-text\">Cargar m\u00e1s<\/span>\n\t\t<\/span>\n\t\t\t\t\t<\/a>\n\t\t<\/div>\n\t\t\t\t<div class=\"e-load-more-message\"><\/div>\n\t\t\t\t<\/div>\n\t\t\t\t<\/div>\n\t\t\t\t\t\t<\/div>\n\t\t\t\t\t<\/div>\n\t\t<\/div>\n\t\t\t\t\t\t\t\t<\/div>\n\t\t\t\t\t<\/div>\n\t\t<\/section>\n\t\t\t\t<section class=\"elementor-section elementor-top-section elementor-element elementor-element-0d03d3f elementor-section-boxed elementor-section-height-default elementor-section-height-default neuron-fixed-no\" data-id=\"0d03d3f\" data-element_type=\"section\">\n\t\t\t\t\t\t<div class=\"elementor-container elementor-column-gap-default\">\n\t\t\t\t\t\t\t<div class=\"elementor-row\">\n\t\t\t\t\t<div class=\"elementor-column elementor-col-100 elementor-top-column elementor-element elementor-element-494ea80\" data-id=\"494ea80\" data-element_type=\"column\">\n\t\t\t<div class=\"elementor-column-wrap elementor-element-populated\">\n\t\t\t\t\t\t\t<div class=\"elementor-widget-wrap\">\n\t\t\t\t\t\t<div class=\"elementor-element elementor-element-5a54703 elementor-widget elementor-widget-spacer\" data-id=\"5a54703\" data-element_type=\"widget\" data-widget_type=\"spacer.default\">\n\t\t\t\t<div class=\"elementor-widget-container\">\n\t\t\t\t\t<div class=\"elementor-spacer\">\n\t\t\t<div class=\"elementor-spacer-inner\"><\/div>\n\t\t<\/div>\n\t\t\t\t<\/div>\n\t\t\t\t<\/div>\n\t\t\t\t\t\t<\/div>\n\t\t\t\t\t<\/div>\n\t\t<\/div>\n\t\t\t\t\t\t\t\t<\/div>\n\t\t\t\t\t<\/div>\n\t\t<\/section>\n\t\t\t\t\t\t\t\t\t<\/div>\n\t\t\t<\/div>\n\t\t\t\t\t<\/div>\n\t\t","protected":false},"excerpt":{"rendered":"<p>Actividades relevantes En este espacio encontrar\u00e1s las \u00faltimas noticias acerca de la implementaci\u00f3n del proceso de certificaci\u00f3n en&#8230;<\/p>\n","protected":false},"author":3,"featured_media":29601,"parent":30098,"menu_order":12,"comment_status":"closed","ping_status":"closed","template":"elementor_header_footer","meta":[],"acf":[],"_links":{"self":[{"href":"https:\/\/cejume.mx\/index.php\/wp-json\/wp\/v2\/pages\/48599"}],"collection":[{"href":"https:\/\/cejume.mx\/index.php\/wp-json\/wp\/v2\/pages"}],"about":[{"href":"https:\/\/cejume.mx\/index.php\/wp-json\/wp\/v2\/types\/page"}],"author":[{"embeddable":true,"href":"https:\/\/cejume.mx\/index.php\/wp-json\/wp\/v2\/users\/3"}],"replies":[{"embeddable":true,"href":"https:\/\/cejume.mx\/index.php\/wp-json\/wp\/v2\/comments?post=48599"}],"version-history":[{"count":40,"href":"https:\/\/cejume.mx\/index.php\/wp-json\/wp\/v2\/pages\/48599\/revisions"}],"predecessor-version":[{"id":50565,"href":"https:\/\/cejume.mx\/index.php\/wp-json\/wp\/v2\/pages\/48599\/revisions\/50565"}],"up":[{"embeddable":true,"href":"https:\/\/cejume.mx\/index.php\/wp-json\/wp\/v2\/pages\/30098"}],"wp:featuredmedia":[{"embeddable":true,"href":"https:\/\/cejume.mx\/index.php\/wp-json\/wp\/v2\/media\/29601"}],"wp:attachment":[{"href":"https:\/\/cejume.mx\/index.php\/wp-json\/wp\/v2\/media?parent=48599"}],"curies":[{"name":"wp","href":"https:\/\/api.w.org\/{rel}","templated":true}]}}