{"id":51069,"date":"2022-06-28T19:01:02","date_gmt":"2022-06-29T00:01:02","guid":{"rendered":"http:\/\/34.70.206.201\/cejume\/wp\/?page_id=51069"},"modified":"2022-09-09T21:31:53","modified_gmt":"2022-09-10T02:31:53","slug":"aviso-de-privacidad","status":"publish","type":"page","link":"https:\/\/cejume.mx\/index.php\/aviso-de-privacidad\/","title":{"rendered":"Aviso de privacidad"},"content":{"rendered":"\t\t<div data-elementor-type=\"wp-page\" data-elementor-id=\"51069\" class=\"elementor elementor-51069\" data-elementor-post-type=\"page\">\n\t\t\t\t\t\t<div class=\"elementor-inner\">\n\t\t\t\t<div class=\"elementor-section-wrap\">\n\t\t\t\t\t\t\t\t\t<section class=\"elementor-section elementor-top-section elementor-element elementor-element-c810bc8 elementor-section-boxed elementor-section-height-default elementor-section-height-default neuron-fixed-no\" data-id=\"c810bc8\" data-element_type=\"section\">\n\t\t\t\t\t\t<div class=\"elementor-container elementor-column-gap-default\">\n\t\t\t\t\t\t\t<div class=\"elementor-row\">\n\t\t\t\t\t<div class=\"elementor-column elementor-col-100 elementor-top-column elementor-element elementor-element-4e413bd\" data-id=\"4e413bd\" data-element_type=\"column\">\n\t\t\t<div class=\"elementor-column-wrap elementor-element-populated\">\n\t\t\t\t\t\t\t<div class=\"elementor-widget-wrap\">\n\t\t\t\t\t\t<div class=\"elementor-element elementor-element-ce8f2ae elementor-widget elementor-widget-spacer\" data-id=\"ce8f2ae\" data-element_type=\"widget\" data-widget_type=\"spacer.default\">\n\t\t\t\t<div class=\"elementor-widget-container\">\n\t\t\t\t\t<div class=\"elementor-spacer\">\n\t\t\t<div class=\"elementor-spacer-inner\"><\/div>\n\t\t<\/div>\n\t\t\t\t<\/div>\n\t\t\t\t<\/div>\n\t\t\t\t\t\t<\/div>\n\t\t\t\t\t<\/div>\n\t\t<\/div>\n\t\t\t\t\t\t\t\t<\/div>\n\t\t\t\t\t<\/div>\n\t\t<\/section>\n\t\t\t\t<section class=\"elementor-section elementor-top-section elementor-element elementor-element-90285cd elementor-section-boxed elementor-section-height-default elementor-section-height-default neuron-fixed-no\" data-id=\"90285cd\" data-element_type=\"section\">\n\t\t\t\t\t\t<div class=\"elementor-container elementor-column-gap-default\">\n\t\t\t\t\t\t\t<div class=\"elementor-row\">\n\t\t\t\t\t<div class=\"elementor-column elementor-col-100 elementor-top-column elementor-element elementor-element-4e8559a\" data-id=\"4e8559a\" data-element_type=\"column\">\n\t\t\t<div class=\"elementor-column-wrap elementor-element-populated\">\n\t\t\t\t\t\t\t<div class=\"elementor-widget-wrap\">\n\t\t\t\t\t\t<div class=\"elementor-element elementor-element-f80d561 elementor-widget elementor-widget-text-editor\" data-id=\"f80d561\" data-element_type=\"widget\" data-widget_type=\"text-editor.default\">\n\t\t\t\t<div class=\"elementor-widget-container\">\n\t\t\t\t\t\t\t\t<div class=\"elementor-text-editor elementor-clearfix\">\n\t\t\t\t<section id=\"content\"><div class=\"content-wrap py-5\"><div class=\"container clearfix\"><h2>Aviso de privacidad<\/h2><p>El Centro de Estudios sobre la Ense\u00f1anza y el Aprendizaje del Derecho, A.C. (CEEAD), con domicilio en Miguel Nieto 440 Sur, Colonia Centro, en Monterrey, Nuevo Le\u00f3n, M\u00e9xico C.P. 64000, y portal de internet <span style=\"color: #993300;\"><a style=\"color: #993300;\" href=\"https:\/\/ceead.org.mx\/legales\/www.ceead.org.mx\">www.ceead.org.mx<\/a>,<\/span> es responsable del uso y protecci\u00f3n de sus datos personales, y al respecto le informamos lo siguiente:<\/p><p>\u00a0<\/p><p class=\"font-weight-bold\"><strong>\u00bfPara qu\u00e9 fines utilizaremos sus datos personales?<\/strong><\/p><p class=\"font-weight-bold\"><strong>\u00a0<\/strong><\/p><p>Los datos personales que recabamos de usted los utilizaremos para el registro de participantes en nuestras actividades o para el registro de usuarios de nuestros materiales, lo cual es necesario para poder participar o usar los materiales y recibir sus actualizaciones, respectivamente.<\/p><p>De manera adicional, utilizaremos su informaci\u00f3n personal para las siguientes finalidades secundarias que no son necesarias para participar en nuestras actividades o usar nuestros materiales, pero que nos permiten y facilitan brindarle una mejor atenci\u00f3n:<\/p><ul><li style=\"list-style-type: none;\"><ul class=\"pl-5\"><li>Enviarle informaci\u00f3n sobre nuestras actividades.<\/li><li>Compartirle nuevos materiales y sus actualizaciones.<\/li><li>Realizar trabajos estad\u00edsticos y de investigaci\u00f3n.<\/li><li>Evaluar el impacto de nuestras actividades.<\/li><li>Elaborar material informativo y promocional sobre nuestros proyectos que incluya opiniones, fotograf\u00edas, audios y videos.<\/li><\/ul><\/li><\/ul><p>En caso de que no desee que sus datos personales se utilicen para estos fines secundarios, deber\u00e1 enviar un correo electr\u00f3nico a <a href=\"mailto:informacion@ceead.org.mx\"><span style=\"color: #993300;\">informacion@ceead.org.mx<\/span><\/a> en el cual nos se\u00f1ale que no consiente que sus datos personales se utilicen para todas o algunas (especificar) de las finalidades secundarias.<\/p><p>La negativa para el uso de sus datos personales para estas finalidades secundarias no podr\u00e1 ser un motivo para negar su participaci\u00f3n en nuestras actividades o el uso de nuestros materiales.<\/p><p class=\"font-weight-bold\">\u00a0<\/p><p class=\"font-weight-bold\"><strong>\u00a0<\/strong><\/p><p class=\"font-weight-bold\"><strong>\u00bfQu\u00e9 datos personales utilizaremos para estos fines?<\/strong><\/p><p>\u00a0<\/p><p>Para llevar a cabo las finalidades descritas en nuestros avisos de privacidad, utilizaremos los siguientes datos personales, seg\u00fan corresponda: nombre, g\u00e9nero, tel\u00e9fono, celular, correo electr\u00f3nico personal y laboral, firma aut\u00f3grafa, instituci\u00f3n a la que pertenece, puesto o cargo que desempe\u00f1a, domicilio y tel\u00e9fono de la instituci\u00f3n a la que pertenece, nombre de usuario de Skype, fotograf\u00edas, audios y videos.<\/p><p>\u00a0<\/p><p class=\"font-weight-bold\"><strong>\u00bfQu\u00e9 datos personales sensibles utilizaremos?<\/strong><\/p><p>\u00a0<\/p><p>Adem\u00e1s de los datos personales mencionados anteriormente, para las finalidades se\u00f1aladas en el presente aviso de privacidad utilizaremos en algunos de nuestros proyectos enfocados a comunidades ind\u00edgenas los siguientes datos personales considerados como sensibles, que requieren de especial protecci\u00f3n: datos de origen \u00e9tnico, como son la pertenencia a un pueblo, comunidad o etnia ind\u00edgena.<\/p><p>\u00a0<\/p><p class=\"font-weight-bold\"><strong>\u00bfCon qui\u00e9n compartimos su informaci\u00f3n personal y para qu\u00e9 fines?<\/strong><\/p><p>\u00a0<\/p><p>Le informamos que sus datos personales son compartidos dentro y fuera del pa\u00eds con las instituciones que nos proporcionan financiamiento, ejecutamos conjuntamente un proyecto o eval\u00faan nuestro desempe\u00f1o (fundaciones, instituciones donantes, instituciones educativas o de investigaci\u00f3n, agencias de cooperaci\u00f3n internacional, oficinas de gobierno e instituciones evaluadoras), siempre y cuando sea obligatorio por contrato o por la naturaleza del proyecto proveer el listado de beneficiaros de los respectivos proyectos, sin que para ello sea necesario su consentimiento.<\/p><p>\u00a0<\/p><p class=\"font-weight-bold\"><strong>\u00bfC\u00f3mo se protege la informaci\u00f3n personal de los menores de edad?<\/strong><\/p><p>\u00a0<\/p><p>Le informamos que es de nuestro especial inter\u00e9s cuidar la informaci\u00f3n personal de los menores de edad en t\u00e9rminos de ley, por lo que implementamos y mantenemos medidas de seguridad m\u00e1s estrictas a efecto de asegurar la confidencialidad de los menores.<\/p><p>\u00a0<\/p><p class=\"font-weight-bold\"><strong>\u00bfC\u00f3mo puede acceder, rectificar, limitar o cancelar sus datos personales, u oponerse a su uso?<\/strong><\/p><p>\u00a0<\/p><p>Usted tiene derecho a conocer qu\u00e9 datos personales tenemos de usted, para qu\u00e9 los utilizamos y las condiciones del uso que les damos (Acceso). Asimismo, es su derecho solicitar la correcci\u00f3n de su informaci\u00f3n personal en caso de que est\u00e9 desactualizada, sea inexacta o incompleta (Rectificaci\u00f3n); que la eliminemos de nuestros registros o bases de datos cuando considere que la misma no est\u00e1 siendo utilizada adecuadamente (Cancelaci\u00f3n); as\u00ed como oponerse al uso de sus datos personales para fines espec\u00edficos (Oposici\u00f3n). Estos derechos se conocen como derechos ARCO.<\/p><p>\u00a0<\/p><p>Para el ejercicio de cualquiera de los derechos ARCO, usted deber\u00e1 presentar la solicitud respectiva por correo electr\u00f3nico a <span style=\"color: #993300;\"><a style=\"color: #993300;\" href=\"mailto:informacion@ceead.org.mx\">informacion@ceead.org.mx<\/a> <\/span>donde nos se\u00f1ale qu\u00e9 es lo que nos solicita. En un lapso no mayor a 2 d\u00edas h\u00e1biles recibir\u00e1 un correo electr\u00f3nico y una llamada telef\u00f3nica para verificar que usted es quien realiza la solicitud. Una vez verificada su identidad, en un periodo no mayor a 3 d\u00edas h\u00e1biles le daremos respuesta a su solicitud por correo electr\u00f3nico.<\/p><p>\u00a0<\/p><p>El \u00e1rea de soporte t\u00e9cnico del CEEAD est\u00e1 a cargo de dar tr\u00e1mite a las solicitudes de derechos ARCO, se encuentra f\u00edsicamente en nuestras oficinas y puede ser contactada en el tel\u00e9fono <span style=\"color: #993300;\"><a style=\"color: #993300;\" href=\"tel:(81) 2055-0628\">(81) 2055-0628<\/a><\/span> o por el correo electr\u00f3nico a <a href=\"mailto:informacion@ceead.org.mx\"><span style=\"color: #993300;\">informacion@ceead.org.mx<\/span><\/a><\/p><p>\u00a0<\/p><p class=\"font-weight-bold\"><strong>Usted puede revocar su consentimiento para el uso de sus datos personales.<\/strong><\/p><p>\u00a0<\/p><p>Usted puede revocar el consentimiento que, en su caso, nos haya otorgado para el tratamiento de sus datos personales. Sin embargo, es importante que tenga en cuenta que no en todos los casos podremos atender su solicitud o concluir el uso de forma inmediata, ya que es posible que por alguna obligaci\u00f3n legal requiramos seguir tratando sus datos personales. Asimismo, usted deber\u00e1 considerar que, para ciertos fines, la revocaci\u00f3n de su consentimiento implicar\u00e1 que no le podamos seguir prestando el servicio que nos solicit\u00f3, o la conclusi\u00f3n de su relaci\u00f3n con nosotros.<\/p><p>Para revocar su consentimiento deber\u00e1 presentar su solicitud por correo electr\u00f3nico a <span style=\"color: #993300;\"><a style=\"color: #993300;\" href=\"mailto:informacion@ceead.org.mx\"> informacion@ceead.org.mx<\/a>.<\/span> En un lapso no mayor a 2 d\u00edas h\u00e1biles recibir\u00e1 un correo electr\u00f3nico y una llamada telef\u00f3nica para verificar que usted es quien realiza la solicitud. Una vez verificada su identidad, en un periodo no mayor a 3 d\u00edas h\u00e1biles le daremos respuesta a su solicitud por correo electr\u00f3nico y le informaremos las implicaciones que pudiera tener la revocaci\u00f3n de su consentimiento.<\/p><p>\u00a0<\/p><p class=\"font-weight-bold\"><strong>\u00bfC\u00f3mo puede limitar el uso o divulgaci\u00f3n de su informaci\u00f3n personal?<\/strong><\/p><p>\u00a0<\/p><p>En general, usted pueda limitar el uso y divulgaci\u00f3n de su informaci\u00f3n personal al enviarnos un correo electr\u00f3nico a <span style=\"color: #993300;\"><a style=\"color: #993300;\" href=\"mailto:informacion@ceead.org.mx\">informacion@ceead.org.mx<\/a><\/span> en el cual nos se\u00f1ale qu\u00e9 es lo que nos solicita. En un lapso no mayor a 2 d\u00edas h\u00e1biles recibir\u00e1 un correo electr\u00f3nico y una llamada telef\u00f3nica para verificar que usted es quien realiza la solicitud. Una vez verificada su identidad, en un periodo no mayor a 3 d\u00edas h\u00e1biles le daremos respuesta a su solicitud por correo electr\u00f3nico.<\/p><p>\u00a0<\/p><p class=\"font-weight-bold\"><strong>\u00bfC\u00f3mo puede conocer los cambios en este aviso de privacidad?<\/strong><\/p><p>\u00a0<\/p><p>El presente aviso de privacidad puede sufrir modificaciones, cambios o actualizaciones derivadas de nuevos requerimientos legales, de nuestras propias necesidades por las actividades que realizamos, de nuestras pr\u00e1cticas de privacidad, de cambios en nuestro modelo de proyectos o por otras causas.<\/p><p>Nos comprometemos a mantenerlo o mantenerla informada sobre los cambios que pueda sufrir el presente aviso de privacidad a trav\u00e9s de nuestra p\u00e1gina de internet: <span style=\"color: #993300;\"><a style=\"color: #993300;\" href=\"https:\/\/www.ceead.org.mx\" target=\"_blank\" rel=\"noopener noreferrer\">www.ceead.org.mx<\/a>.<\/span> Cuando realicemos un cambio o actualizaci\u00f3n, lo resaltaremos en nuestro sitio principal al menos con 15 d\u00edas de anticipaci\u00f3n al momento en que entre en vigor.<\/p><\/div><\/div><\/section>\t\t\t\t\t<\/div>\n\t\t\t\t\t\t<\/div>\n\t\t\t\t<\/div>\n\t\t\t\t\t\t<\/div>\n\t\t\t\t\t<\/div>\n\t\t<\/div>\n\t\t\t\t\t\t\t\t<\/div>\n\t\t\t\t\t<\/div>\n\t\t<\/section>\n\t\t\t\t\t\t\t\t\t<\/div>\n\t\t\t<\/div>\n\t\t\t\t\t<\/div>\n\t\t","protected":false},"excerpt":{"rendered":"<p>Aviso de privacidad El Centro de Estudios sobre la Ense\u00f1anza y el Aprendizaje del Derecho, A.C. (CEEAD), con&#8230;<\/p>\n","protected":false},"author":2514,"featured_media":0,"parent":0,"menu_order":0,"comment_status":"closed","ping_status":"closed","template":"elementor_header_footer","meta":[],"acf":[],"_links":{"self":[{"href":"https:\/\/cejume.mx\/index.php\/wp-json\/wp\/v2\/pages\/51069"}],"collection":[{"href":"https:\/\/cejume.mx\/index.php\/wp-json\/wp\/v2\/pages"}],"about":[{"href":"https:\/\/cejume.mx\/index.php\/wp-json\/wp\/v2\/types\/page"}],"author":[{"embeddable":true,"href":"https:\/\/cejume.mx\/index.php\/wp-json\/wp\/v2\/users\/2514"}],"replies":[{"embeddable":true,"href":"https:\/\/cejume.mx\/index.php\/wp-json\/wp\/v2\/comments?post=51069"}],"version-history":[{"count":19,"href":"https:\/\/cejume.mx\/index.php\/wp-json\/wp\/v2\/pages\/51069\/revisions"}],"predecessor-version":[{"id":51710,"href":"https:\/\/cejume.mx\/index.php\/wp-json\/wp\/v2\/pages\/51069\/revisions\/51710"}],"wp:attachment":[{"href":"https:\/\/cejume.mx\/index.php\/wp-json\/wp\/v2\/media?parent=51069"}],"curies":[{"name":"wp","href":"https:\/\/api.w.org\/{rel}","templated":true}]}}

<div data-elementor-type="wp-page" data-elementor-id="51069" class="elementor elementor-51069" data-elementor-post-type="page">
						<div class="elementor-inner">
				<div class="elementor-section-wrap">
									<section class="elementor-section elementor-top-section elementor-element elementor-element-c810bc8 elementor-section-boxed elementor-section-height-default elementor-section-height-default neuron-fixed-no" data-id="c810bc8" data-element_type="section">
						<div class="elementor-container elementor-column-gap-default">
							<div class="elementor-row">
					<div class="elementor-column elementor-col-100 elementor-top-column elementor-element elementor-element-4e413bd" data-id="4e413bd" data-element_type="column">
			<div class="elementor-column-wrap elementor-element-populated">
							<div class="elementor-widget-wrap">
						<div class="elementor-element elementor-element-ce8f2ae elementor-widget elementor-widget-spacer" data-id="ce8f2ae" data-element_type="widget" data-widget_type="spacer.default">
				<div class="elementor-widget-container">
					<div class="elementor-spacer">
			<div class="elementor-spacer-inner"></div>
		</div>
				</div>
				</div>
						</div>
					</div>
		</div>
								</div>
					</div>
		</section>
				<section class="elementor-section elementor-top-section elementor-element elementor-element-90285cd elementor-section-boxed elementor-section-height-default elementor-section-height-default neuron-fixed-no" data-id="90285cd" data-element_type="section">
						<div class="elementor-container elementor-column-gap-default">
							<div class="elementor-row">
					<div class="elementor-column elementor-col-100 elementor-top-column elementor-element elementor-element-4e8559a" data-id="4e8559a" data-element_type="column">
			<div class="elementor-column-wrap elementor-element-populated">
							<div class="elementor-widget-wrap">
						<div class="elementor-element elementor-element-f80d561 elementor-widget elementor-widget-text-editor" data-id="f80d561" data-element_type="widget" data-widget_type="text-editor.default">
				<div class="elementor-widget-container">
								<div class="elementor-text-editor elementor-clearfix">
				<section id="content"><div class="content-wrap py-5"><div class="container clearfix"><h2>Aviso de privacidad</h2><p>El Centro de Estudios sobre la Enseñanza y el Aprendizaje del Derecho, A.C. (CEEAD), con domicilio en Miguel Nieto 440 Sur, Colonia Centro, en Monterrey, Nuevo León, México C.P. 64000, y portal de internet <span style="color: #993300;"><a style="color: #993300;" href="https://ceead.org.mx/legales/www.ceead.org.mx">www.ceead.org.mx</a>,</span> es responsable del uso y protección de sus datos personales, y al respecto le informamos lo siguiente:</p><p> </p><p class="font-weight-bold"><strong>¿Para qué fines utilizaremos sus datos personales?</strong></p><p class="font-weight-bold"><strong> </strong></p><p>Los datos personales que recabamos de usted los utilizaremos para el registro de participantes en nuestras actividades o para el registro de usuarios de nuestros materiales, lo cual es necesario para poder participar o usar los materiales y recibir sus actualizaciones, respectivamente.</p><p>De manera adicional, utilizaremos su información personal para las siguientes finalidades secundarias que no son necesarias para participar en nuestras actividades o usar nuestros materiales, pero que nos permiten y facilitan brindarle una mejor atención:</p><ul><li style="list-style-type: none;"><ul class="pl-5"><li>Enviarle información sobre nuestras actividades.</li><li>Compartirle nuevos materiales y sus actualizaciones.</li><li>Realizar trabajos estadísticos y de investigación.</li><li>Evaluar el impacto de nuestras actividades.</li><li>Elaborar material informativo y promocional sobre nuestros proyectos que incluya opiniones, fotografías, audios y videos.</li></ul></li></ul><p>En caso de que no desee que sus datos personales se utilicen para estos fines secundarios, deberá enviar un correo electrónico a <a href="mailto:informacion@ceead.org.mx"><span style="color: #993300;">informacion@ceead.org.mx</span></a> en el cual nos señale que no consiente que sus datos personales se utilicen para todas o algunas (especificar) de las finalidades secundarias.</p><p>La negativa para el uso de sus datos personales para estas finalidades secundarias no podrá ser un motivo para negar su participación en nuestras actividades o el uso de nuestros materiales.</p><p class="font-weight-bold"> </p><p class="font-weight-bold"><strong> </strong></p><p class="font-weight-bold"><strong>¿Qué datos personales utilizaremos para estos fines?</strong></p><p> </p><p>Para llevar a cabo las finalidades descritas en nuestros avisos de privacidad, utilizaremos los siguientes datos personales, según corresponda: nombre, género, teléfono, celular, correo electrónico personal y laboral, firma autógrafa, institución a la que pertenece, puesto o cargo que desempeña, domicilio y teléfono de la institución a la que pertenece, nombre de usuario de Skype, fotografías, audios y videos.</p><p> </p><p class="font-weight-bold"><strong>¿Qué datos personales sensibles utilizaremos?</strong></p><p> </p><p>Además de los datos personales mencionados anteriormente, para las finalidades señaladas en el presente aviso de privacidad utilizaremos en algunos de nuestros proyectos enfocados a comunidades indígenas los siguientes datos personales considerados como sensibles, que requieren de especial protección: datos de origen étnico, como son la pertenencia a un pueblo, comunidad o etnia indígena.</p><p> </p><p class="font-weight-bold"><strong>¿Con quién compartimos su información personal y para qué fines?</strong></p><p> </p><p>Le informamos que sus datos personales son compartidos dentro y fuera del país con las instituciones que nos proporcionan financiamiento, ejecutamos conjuntamente un proyecto o evalúan nuestro desempeño (fundaciones, instituciones donantes, instituciones educativas o de investigación, agencias de cooperación internacional, oficinas de gobierno e instituciones evaluadoras), siempre y cuando sea obligatorio por contrato o por la naturaleza del proyecto proveer el listado de beneficiaros de los respectivos proyectos, sin que para ello sea necesario su consentimiento.</p><p> </p><p class="font-weight-bold"><strong>¿Cómo se protege la información personal de los menores de edad?</strong></p><p> </p><p>Le informamos que es de nuestro especial interés cuidar la información personal de los menores de edad en términos de ley, por lo que implementamos y mantenemos medidas de seguridad más estrictas a efecto de asegurar la confidencialidad de los menores.</p><p> </p><p class="font-weight-bold"><strong>¿Cómo puede acceder, rectificar, limitar o cancelar sus datos personales, u oponerse a su uso?</strong></p><p> </p><p>Usted tiene derecho a conocer qué datos personales tenemos de usted, para qué los utilizamos y las condiciones del uso que les damos (Acceso). Asimismo, es su derecho solicitar la corrección de su información personal en caso de que esté desactualizada, sea inexacta o incompleta (Rectificación); que la eliminemos de nuestros registros o bases de datos cuando considere que la misma no está siendo utilizada adecuadamente (Cancelación); así como oponerse al uso de sus datos personales para fines específicos (Oposición). Estos derechos se conocen como derechos ARCO.</p><p> </p><p>Para el ejercicio de cualquiera de los derechos ARCO, usted deberá presentar la solicitud respectiva por correo electrónico a <span style="color: #993300;"><a style="color: #993300;" href="mailto:informacion@ceead.org.mx">informacion@ceead.org.mx</a> </span>donde nos señale qué es lo que nos solicita. En un lapso no mayor a 2 días hábiles recibirá un correo electrónico y una llamada telefónica para verificar que usted es quien realiza la solicitud. Una vez verificada su identidad, en un periodo no mayor a 3 días hábiles le daremos respuesta a su solicitud por correo electrónico.</p><p> </p><p>El área de soporte técnico del CEEAD está a cargo de dar trámite a las solicitudes de derechos ARCO, se encuentra físicamente en nuestras oficinas y puede ser contactada en el teléfono <span style="color: #993300;"><a style="color: #993300;" href="tel:(81) 2055-0628">(81) 2055-0628</a></span> o por el correo electrónico a <a href="mailto:informacion@ceead.org.mx"><span style="color: #993300;">informacion@ceead.org.mx</span></a></p><p> </p><p class="font-weight-bold"><strong>Usted puede revocar su consentimiento para el uso de sus datos personales.</strong></p><p> </p><p>Usted puede revocar el consentimiento que, en su caso, nos haya otorgado para el tratamiento de sus datos personales. Sin embargo, es importante que tenga en cuenta que no en todos los casos podremos atender su solicitud o concluir el uso de forma inmediata, ya que es posible que por alguna obligación legal requiramos seguir tratando sus datos personales. Asimismo, usted deberá considerar que, para ciertos fines, la revocación de su consentimiento implicará que no le podamos seguir prestando el servicio que nos solicitó, o la conclusión de su relación con nosotros.</p><p>Para revocar su consentimiento deberá presentar su solicitud por correo electrónico a <span style="color: #993300;"><a style="color: #993300;" href="mailto:informacion@ceead.org.mx"> informacion@ceead.org.mx</a>.</span> En un lapso no mayor a 2 días hábiles recibirá un correo electrónico y una llamada telefónica para verificar que usted es quien realiza la solicitud. Una vez verificada su identidad, en un periodo no mayor a 3 días hábiles le daremos respuesta a su solicitud por correo electrónico y le informaremos las implicaciones que pudiera tener la revocación de su consentimiento.</p><p> </p><p class="font-weight-bold"><strong>¿Cómo puede limitar el uso o divulgación de su información personal?</strong></p><p> </p><p>En general, usted pueda limitar el uso y divulgación de su información personal al enviarnos un correo electrónico a <span style="color: #993300;"><a style="color: #993300;" href="mailto:informacion@ceead.org.mx">informacion@ceead.org.mx</a></span> en el cual nos señale qué es lo que nos solicita. En un lapso no mayor a 2 días hábiles recibirá un correo electrónico y una llamada telefónica para verificar que usted es quien realiza la solicitud. Una vez verificada su identidad, en un periodo no mayor a 3 días hábiles le daremos respuesta a su solicitud por correo electrónico.</p><p> </p><p class="font-weight-bold"><strong>¿Cómo puede conocer los cambios en este aviso de privacidad?</strong></p><p> </p><p>El presente aviso de privacidad puede sufrir modificaciones, cambios o actualizaciones derivadas de nuevos requerimientos legales, de nuestras propias necesidades por las actividades que realizamos, de nuestras prácticas de privacidad, de cambios en nuestro modelo de proyectos o por otras causas.</p><p>Nos comprometemos a mantenerlo o mantenerla informada sobre los cambios que pueda sufrir el presente aviso de privacidad a través de nuestra página de internet: <span style="color: #993300;"><a style="color: #993300;" href="https://www.ceead.org.mx" target="_blank" rel="noopener noreferrer">www.ceead.org.mx</a>.</span> Cuando realicemos un cambio o actualización, lo resaltaremos en nuestro sitio principal al menos con 15 días de anticipación al momento en que entre en vigor.</p></div></div></section>					</div>
						</div>
				</div>
						</div>
					</div>
		</div>
								</div>
					</div>
		</section>
									</div>
			</div>
					</div>

<p>Aviso de privacidad El Centro de Estudios sobre la Enseñanza y el Aprendizaje del Derecho, A.C. (CEEAD), con&#8230;</p>
